x = -2*c - 4 - f. What is the remainder when 7 is divided by c?
1
Let a be ((-75)/(-10))/(1/2). What is the remainder when 8 is divided by (-1 - 0)*a/(-5)?
2
Let v(a) = -2*a + 4 + 2*a**2 - 2*a - 3*a. Let m(r) = r**2 + 3*r + 3. What is the remainder when v(5) is divided by m(-4)?
5
Let j be 10/(-65) + 100/(-26). Let u = 20 + j. Calculate the remainder when u is divided by 6.
4
Suppose 4*h + 4*x - 32 = 0, 2*h = h + 5*x + 38. Let u = h + -1. Calculate the remainder when 33 is divided by u.
9
Let l = 36 + 7. Let y = l - 25. Suppose 259 + 6 = 5*t. What is the remainder when t is divided by y?
17
Let r = 668 - 656. Let d = 1 - -3. What is the remainder when r is divided by d?
0
Let h be -4 + 3 + 5 + 0. Let y(g) = g**3 - 6*g**2 + 6*g - 5. Let z be y(h). Let p = z - -20. What is the remainder when 12 is divided by p?
5
Let t = -4 - 9. Let k = -6 - t. Let s = -6 - -9. What is the remainder when k is divided by s?
1
Let c(r) = -2*r - 10. Let t be c(-7). Suppose 5 = t*l - 19. Let s = 15 - 13. Calculate the remainder when l is divided by s.
0
Let m(a) = -3 - a**3 + 5*a - a + 2*a**3 - 2*a**2 - a. Let j be m(2). Calculate the remainder when 17 is divided by (-19)/(-3) - 1/j.
5
Let k(d) = d**2 - 3*d - 11. What is the remainder when k(8) is divided by 8?
5
Let b = 23 - 10. Let w = -9 + b. What is the remainder when w is divided by 4?
0
Let q = 1 + 7. Suppose -h + 2*h - 3 = 0. What is the remainder when q is divided by h?
2
Let j(h) = -h**3 + 7*h**2 + 5*h - 6. Let x be j(5). Suppose 5*s - x = -19. What is the remainder when 19 is divided by s?
9
Suppose 2*o = 4*o. Suppose -7*y + 2*y = 4*i - 684, -2*y - 8 = o. Suppose -i = -4*g - 4*s, -4*g + s + 94 = -2*g. What is the remainder when g is divided by 16?
14
Suppose g = -f + 24, 5*g = -2*f - 0*f + 117. Let a(w) = 7*w**2 - w + 2. What is the remainder when g is divided by a(1)?
7
Suppose -3*w + 5*x + 60 = 0, 5*w - 4*x = 96 - 9. Calculate the remainder when 42 is divided by w.
12
Suppose 2*v - 1 - 3 = 0. Suppose 0 = -2*d + 4*y - v*y + 22, 5*d - 47 = 3*y. Let m = 12 + -8. Calculate the remainder when d is divided by m.
3
Let b = 156 - 151. What is the remainder when b is divided by 2?
1
Suppose 5*c - c = -8. Calculate the remainder when 2 is divided by -2 + 6 + c/1.
0
Let q = 3 - 0. Let a be (0/q + -1)*-2. Suppose -5*x = t - 10, 0*t + 20 = a*t + 4*x. Calculate the remainder when t is divided by 4.
2
Let v = 1 + 13. Suppose 0 = 2*k - 3*k + 3. Suppose 0*s - 78 = -k*s. What is the remainder when s is divided by v?
12
Suppose -4*f = -2*f - 108. Calculate the remainder when f is divided by ((-57)/(-6))/((-6)/(-12)).
16
Let z(d) = d**3 + d**2 - 2*d + 1. Let v be z(1). What is the remainder when 90 is divided by (2*(-46)/(-4))/v?
21
Let d(m) = 2*m**2 - 5*m - 5. Calculate the remainder when d(-4) is divided by 17.
13
Let g = -47 - -83. Suppose 0 = 5*w + b - 2*b - 107, 2*w = 5*b + 29. What is the remainder when w is divided by 8/g - 70/(-9)?
6
Let f = 11 + -5. Let p(n) be the third derivative of -n**6/120 - n**4/24 + 5*n**3/3 + 2*n**2. What is the remainder when p(0) is divided by f?
4
Let q(l) = 2*l - 6. Let p be q(4). Let h = 14 - p. What is the remainder when 23 is divided by h?
11
Suppose -4*t + 35 = -257. Calculate the remainder when t is divided by 19.
16
Let q(n) = -13*n - 12. Calculate the remainder when q(-7) is divided by 20.
19
Let k(i) = 3*i - 12. Let l = 2 + 6. What is the remainder when k(8) is divided by l?
4
What is the remainder when 18 is divided by -14*2/8*-2?
4
Suppose 9 = -14*c + 17*c. Let o(q) = q**3 - 4*q**2 - 3*q - 3. What is the remainder when o(5) is divided by c?
1
Suppose -3*x + 13 + 14 = 0. Calculate the remainder when x is divided by 6.
3
Let w(n) = n**2 + 7*n + 9. Suppose -4*b + 14 = 2. What is the remainder when b is divided by w(-6)?
0
Suppose 4*b = 3*c + 4 + 2, 0 = -3*c + 5*b - 9. Suppose m + 0*m = -c*r + 9, -10 = -4*m + 5*r. What is the remainder when m is divided by 3?
2
Let u(a) = 8*a**3 - 7*a**2 + 8*a - 7. Let x(c) = 9*c**3 - 8*c**2 + 9*c - 8. Let p(q) = 6*u(q) - 5*x(q). What is the remainder when p(3) is divided by 24?
22
Let z = 17 + -3. Let s = -151 + 177. Calculate the remainder when s is divided by z.
12
Suppose -c - r + 5*r - 18 = 0, -2*r + 10 = 0. Suppose i = c*l - 7*l + 35, 3*i + 4*l = 50. What is the remainder when i is divided by 6?
4
Let c = -36 - 21. Let l = c - -109. Let z(f) = f**3 - 5*f**2 + 3*f + 3. Calculate the remainder when l is divided by z(5).
16
Let m(i) = -i**3 + 17*i**2 - 18*i + 38. What is the remainder when 8 is divided by m(16)?
2
Suppose -2*s + 3*s = 0. Suppose s = -k - v + 10, -3*v - 1 = 5*k - 49. What is the remainder when 6/(-9) + 74/3 is divided by k?
6
Let r(m) = 8*m + 83. What is the remainder when 109 is divided by r(-9)?
10
Suppose -3*a = -7*a - 388. Let h = 192 + a. What is the remainder when h is divided by 32?
31
Suppose 33 = 6*n - 3*n - 2*g, 0 = -2*n - 3*g + 22. Let c = n - -3. What is the remainder when 39 is divided by c?
11
Let s = 58 + -27. Calculate the remainder when s is divided by 8.
7
Suppose -9*g - 8 = -11*g. What is the remainder when 65 is divided by g/(-12)*1*-66?
21
Let w be ((-6)/(-3))/(2/7). Let s(j) = -j**3 + 9*j**2 - 11*j + 6. What is the remainder when s(w) is divided by 7?
6
Suppose -4*o + 2*c - 16 = 0, -o - 2*c = -0*c - 1. Let v = -3 - o. Suppose 6*j - 2*j - 52 = v. Calculate the remainder when 36 is divided by j.
10
Let t = -8 + 5. Let w = 6 + t. Suppose 2 = -2*n + 12. What is the remainder when n is divided by w?
2
Let p(w) = -w**3 - 3*w**2 - w + 1. Calculate the remainder when 61 is divided by p(-4).
19
Let a(i) = 16*i**2 - 2*i - 2. Calculate the remainder when 26 is divided by a(-1).
10
Suppose -7*d + 2*d - 30 = 0. Suppose -3*f + 19 = -2. Calculate the remainder when (-110)/d - (-10)/15 is divided by f.
5
Suppose -3 = v, -4*b - 2*v + 207 = -3*v. Calculate the remainder when b is divided by 26.
25
Suppose -2*a + 0*z = -4*z - 56, -3*a + 89 = -5*z. Suppose -2*l = -3*l + 20. What is the remainder when a is divided by l?
18
Calculate the remainder when 25 is divided by (20/(-350)*-14)/((-2)/(-10)).
1
Let g(k) = -k**3 - 5*k**2 + 1. Let q be g(-5). Calculate the remainder when 7 is divided by (0 - -2) + 1/q.
1
Let k(c) = -c**2 - 8*c - 5. Let i be k(-7). Let j = 14 + -3. What is the remainder when i - ((-120)/(-4))/(-1) is divided by j?
10
Let q(x) = -31*x. Let k be ((-22)/3)/((-1)/3). What is the remainder when q(-1) is divided by (2 - 0)/(4/k)?
9
Let f = -6 - 7. Calculate the remainder when 3 - (f + 2)*2 is divided by 9.
7
Suppose -w = -5*z + 398, -3*z + 5*z + 3*w = 149. Calculate the remainder when z is divided by 20.
19
Let v(s) = -s - 1. Let l be v(5). Let q = l - -9. Let c(f) = f**2 + f + 4. Calculate the remainder when c(0) is divided by q.
1
Let g(r) = r + 4. Let t be g(-4). Suppose t = 3*n - 5*n + 3*o + 55, 2 = 2*o. Calculate the remainder when n is divided by 10.
9
Suppose 3*m + 5*c + 26 = 4*m, -6 = -3*c. What is the remainder when m is divided by 19?
17
Let x be 4/(-14) + 10/35. Suppose 212 = 4*z - x*z. What is the remainder when z is divided by (2/6)/(5/270)?
17
Suppose 61 = 3*p - 5*b, 0 = p + 4*b - 0*b + 8. What is the remainder when 45 is divided by p?
9
Suppose 3*v - 6 = -2*f, -6*f + f + 4*v = -61. Let k = -4 + f. Suppose -5*p - k*c = -125, -61 = -3*p - 0*p + 4*c. What is the remainder when 43 is divided by p?
20
Let h = 139 - 36. What is the remainder when h is divided by 27?
22
Suppose o = n + 3, 3*n = -4*o + n + 24. Let m(w) = -w**3 + 6*w**2 - 2*w + 7. Calculate the remainder when m(o) is divided by 12.
10
Suppose j + 6 = -4. Let n = j - -20. Calculate the remainder when ((-28)/(-1))/(0 + 1) is divided by n.
8
Let f = 51 - 46. What is the remainder when 44 is divided by f?
4
What is the remainder when 3*12 + (-14)/7 is divided by 12?
10
Let a = -5 - -9. Suppose 2*s - a*s + 5*v - 5 = 0, -2*v = s - 20. Suppose 0 = 2*q + 2*q - 16. Calculate the remainder when s is divided by q.
2
Let r be 0 - 12 - (-1 - 1). Suppose -2*f = -15 + 53. Let h = r - f. Calculate the remainder when 35 is divided by h.
8
Let j(t) = 8*t**2 + 11*t**2 + t - 5 + 4 - 1. Calculate the remainder when j(2) is divided by 26.
24
Let v(t) = t**3 + 7*t**2 + 6*t - 7. Let k be v(-6). Let y = -6 - k. What is the remainder when 17 is divided by 1/1*(6 